be 1055/9 + (-8)/36. Let l = d - j. Is l composite?
False
Let j(i) = -i**3 - 7*i**2 - 6*i - 8. Suppose -3*y - 2*q - 41 = 3*q, 2*y - 2*q + 6 = 0. Let p be j(y). Let u = p - -3. Is u a composite number?
False
Let v(i) = -8*i**3 + 8*i**2 + 5*i + 11. Let g be v(-5). Suppose 1874 = 4*x - 906. Let s = g - x. Is s a composite number?
False
Suppose p - 3*p - f = -2130, 0 = -p - 2*f + 1062. Let d = p + -727. Is d prime?
False
Let f(n) = n**2 - 6*n - 3. Let s be f(7). Let p(q) = q**2 + 3*q + 4. Let m be p(s). Suppose -3*i - 3*t + 120 = 0, -2*i + m = 4*t - 54. Is i a prime number?
True
Let z = 10 + -5. Let k(l) = 2 + z*l - 4 - 4. Is k(3) prime?
False
Let w = -52 - -40. Let x(d) = 16*d**2 + 21*d + 44. Let m(h) = -3*h**2 - 4*h - 9. Let u(v) = -11*m(v) - 2*x(v). Is u(w) composite?
False
Suppose -8579 = -3*k - 3*r + 13, 4*r - 2858 = -k. Is k a prime number?
False
Let k(o) = -o**3 + 6*o**2 + 2*o. Let b be k(6). Suppose -3*a + b = 3. Suppose 0*u + a*u + 5*t = 218, 3*u - 4*t - 209 = 0. Is u a prime number?
True
Let p = 81 - 161. Is (-55150)/p - 6/16 prime?
False
Suppose 3*w - 37 = 143. Suppose 0 = w*p - 56*p - 3508. Is p composite?
False
Let o be (-18)/(-30) - 3/5. Suppose o = 3*j - 6 + 9. Is (j + 6)*82/5 composite?
True
Let a(h) be the second derivative of -4*h**3 - 17*h**2/2 - 2*h - 6. Is a(-6) a prime number?
True
Let g = -172 + 119. Is g/2*-40 + 1 prime?
True
Suppose 1038 = 19*i - 3731. Is i prime?
True
Let q = 74 + -69. Suppose -q*b + 4419 - 34 = 0. Is b a composite number?
False
Suppose l + 4*f - 10 - 8 = 0, -2*f = 2. Let r be (-48)/(-26) - l/(-143). Suppose -3*a + 319 = z, -2*z - 216 = -r*a - 6*z. Is a prime?
False
Suppose -p + 2745 = -223. Suppose -1828 = 2*g - 3*a, -3676 = -g + 5*g + 4*a. Let x = p + g. Is x composite?
True
Is 1481/((-2)/(-156)*6) composite?
True
Let j = -209 + -56. Is 9*(-4)/(60/j) a composite number?
True
Is (12/18)/((-2)/69348*-4) a prime number?
True
Suppose 5*t - 69 - 501 = 0. Suppose t = -3*i + 321. Is i a prime number?
False
Suppose 0 = g - 4*z, 0*g + 10 = 3*g - 2*z. Let k be g - 8/2 - -3. Suppose k*i + 98 = 407. Is i a prime number?
True
Let t be 735 + (3 - (-2 + 2)). Suppose -3*i - t = 4*k - 2639, 1407 = 3*k - 4*i. Is k a prime number?
False
Let v be (-68)/(-119) + ((-23036)/(-14) - 0). Is v/4 - (-3)/2 a composite number?
True
Suppose -10*y + 316828 - 5918 = 0. Is y composite?
False
Let c = -5965 - -11966. Is c a prime number?
False
Let a(r) = 400*r - 91. Is a(12) prime?
False
Let h = -7 + 13. Suppose -5*w + 2*v + 2723 = 0, 3*w - w + 4*v - 1094 = 0. Suppose -w = -h*a + a. Is a composite?
False
Let v = -5898 + 8969. Is v a composite number?
True
Let b(h) = -191*h**2 + 9*h. Let s be b(-4). Let p = s - -4827. Is p prime?
False
Suppose -80 = -4*x - 0*x. Is (85/x*106)/(2/4) prime?
False
Let t(z) = z**3 + z**2 + z + 18. Let r be t(0). Suppose k + 3*b - 36 = 0, 2*k + b = r + 29. Suppose k = j - 50. Is j prime?
True
Let j(g) = -2*g + 16. Let d be j(6). Suppose -d*l + 6874 = -9306. Is l a prime number?
False
Suppose -3 = -2*o - 2*l - 5, -3*o = 4*l + 8. Suppose 4*c = o, -4*c = 3*u - c + 1908. Is 2/(-5) - u/5 prime?
True
Suppose 5*p + 4 = -2*b - 15, -3*b + 19 = -2*p. Let j(i) = 25*i**2 - 7*i - 13. Is j(p) composite?
False
Let g = 35 + -29. Is 11/(-33) + 4724/g a composite number?
False
Let i(g) = -310*g + 111. Is i(-29) prime?
False
Suppose -32*u + 30*u = -4*j - 38082, 0 = -3*u + 2*j + 57103. Is u a prime number?
True
Let l be (-45729)/(-8) + 3/(-24). Suppose 0 = -4*q + 2912 + l. Is q a composite number?
True
Is (46/8)/(24916/2768 - 9) a prime number?
False
Let n(l) = 23*l**2 + 30*l - 8. Let i be n(-6). Is -1 + -1 + 3 + i prime?
True
Suppose a - 2349 = -2*j, a + 0*j - 2344 = -j. Is a prime?
True
Is (2 - 3) + 2654 - (-4)/1 prime?
True
Let r(l) be the first derivative of 36*l**2 + 13*l - 3. Is r(10) prime?
True
Let h(d) = 2*d**3 - 16*d**2 - 16*d + 8. Let p be h(9). Is p/4*(4/(-1))/(-2) a prime number?
True
Let b(z) = z**2 - z + 10. Let u be b(-5). Is 23020/u*(-1 + 2)*2 a prime number?
True
Let v be (304/10)/((-28)/(-1330)). Let q = v - 963. Is q composite?
True
Let l be (-4)/(-18) - 16/(-9). Let n(k) = 3*k + k**3 + 3 + 0 - 923*k**l + 919*k**2. Is n(6) composite?
True
Is 11991 + (-1 - 1) + 6 a composite number?
True
Let a = 1346 - -250. Suppose h = -3*h + a. Suppose 2*r - 1193 = -h. Is r a prime number?
True
Let y = 116 + -117. Is (716/8)/y*-7*2 prime?
False
Suppose -10*a + 25 + 5 = 0. Is a*(608/3 + 0 + 1) composite?
True
Suppose -6 = -q - 4. Suppose 2*i = -4*f + 66, -3*i + 3*f = q*i - 204. Let z = 62 - i. Is z a composite number?
False
Let u be (-11 - -13)*794/(-4). Let q = u - -1140. Is q a composite number?
False
Let w(y) = 6*y**2 + y + 2. Let h(v) = 4*v**3 + 2*v**3 - 4*v**3 - 14*v - 3 - v**3 + 13*v**2. Let k be h(-14). Is w(k) prime?
True
Suppose 5*f = 0, -1535 = 5*h + f - 3*f. Let y = h - -994. Is y a composite number?
True
Suppose 2*j - 7981 = -1431. Suppose t + 3*s - 1945 = j, 9 = -3*s. Suppose -n + t = 2*a, n + n = -3*a + 7843. Is a prime?
False
Let h(n) = 6*n**2 - 2*n - 2. Let s be h(-1). Let v(x) = 62*x + 72*x - 1 - 6. Is v(s) prime?
True
Is 197075/5 - (-9 - (-5 - 0)) prime?
True
Suppose -a + 856 = 4801. Let u = -2764 - a. Is u prime?
True
Suppose -3*s + s + 96 = 0. Suppose 43*y - s*y + 11155 = 0. Is y a composite number?
True
Let n = 4 + -13. Let d(h) = -73*h + 12. Is d(n) a composite number?
True
Let v = -40 - -41. Is (1 - v) + 1*(125 - -2) composite?
False
Let a(m) = 5*m**2 - 4*m + 5. Let b be a(2). Suppose 701 = 18*s - b*s. Is s composite?
False
Suppose 39*l = -8*l + 298403. Is l a composite number?
True
Let g = -63514 + 91769. Is g a composite number?
True
Suppose 4*q - 743 - 113 = 0. Suppose 0 = -3*i + q + 707. Is i a prime number?
True
Let x(m) = 55*m - 2. Let h be x(7). Let t(l) = -2*l**2 + 5*l - 2. Let o be t(-6). Let z = h - o. Is z a composite number?
False
Is ((-14)/28)/((-5)/402410) prime?
True
Let k be (8 - 5038) + 0/(2 - 5). Let m = -3229 - k. Is m a prime number?
True
Let v(k) = -597*k. Let f be v(-1). Let c(z) = -z - 5. Let r be c(-6). Is (f/(-3)*-1)/r a prime number?
True
Let j(z) = -4*z**2 - z. Let m(x) = -x - 1. Let f be m(-2). Let u be j(f). Is 6*(3 + (u - -3)) a composite number?
True
Let q be (6009 - 1)/(0 + (5 - 4)). Suppose 8*p - 23232 = -q. Is p a composite number?
False
Let s be (32/(-20))/((-2)/10). Suppose 0*o + 3*o + 8 = -4*w, -o - s = 4*w. Is (60/(-18))/(w/219) a composite number?
True
Is (1 - -2) + 467*(3 - 1) prime?
True
Suppose 0 = -i - 2*i + 2526. Suppose 5*p + 7720 = 5*t, p + 2245 = 2*t - i. Is t composite?
False
Let x(f) = -2*f**3 - 35*f**2 - 44*f + 222. Is x(-31) prime?
False
Suppose 5*s - 4*z = 3501, 0 = s + z - 940 + 238. Is s prime?
True
Suppose 0 = m + 4*m - 2455. Let s = m - -500. Is s composite?
False
Let l be 3 + 1/1*-1. Let p(u) = 3*u - 2. Let t be p(l). Suppose t*m - m = 369. Is m prime?
False
Suppose 38 + 4 = -3*p. Let u be p/(-35)*(7 + -2). Suppose -5*o + 139 = 3*v, -u*v + o = -2*o - 118. Is v a prime number?
True
Let t be -1 + 2*30/4. Let q = -42 + t. Is (2/2 - q)*5 a composite number?
True
Let w be (-32)/(-10) + (-2)/10. Suppose 0 = -4*y + 11 - w. Suppose y*p = 5*p - 777. Is p a composite number?
True
Let w = 18701 - 6904. Is w a prime number?
False
Let p(r) be the third derivative of -137*r**6/60 + r**5/60 + r**4/12 + r**3/6 + 8*r**2. Is p(-1) composite?
True
Is (-57873)/(-6) - (-8)/((-32)/10) composite?
False
Let v(q) be the third derivative of q**5/60 + q**4/12 - 5*q**3/6 + 13*q**2. Let c be v(-4). Suppose k + 3*k - 610 = -2*i, i - c*k = 280. Is i a prime number?
False
Suppose 2*r + 23422 = 16*r. Is r composite?
True
Let x(j) = -326*j - 7. Is x(-1) a composite number?
True
Let s(w) be the second derivative of 1159*w**4/3 + w**3/6 + w**2 + 9*w. Is s(-1) prime?
True
Suppose 5*u = -2*v + 7924, 0*v = 2*v - 5*u - 7904. Suppose -4*k - 1433 = -v. Is k a composite number?
False
Is 4082*2/6 + (-67)/(-201) composite?
False
Suppose -14*w + 177448 = -14898. Is w a prime number?
False
Suppose -5*l - 9 = -2*t, 3 = 2*t - 5*l + 6*l. Suppose t*r = -0*r. Suppose -3*u = -w - 4*w - 3551, r = -2*u + 4*w + 2370. Is u prime?
False
Is 3*(-8)/24 + 13440/4 a prime number?
True
Let z = -66 + 75. Suppose -z*f + 6*f = -1506. Is f composite?
True
Suppose 0 = 2*g + g - 9. Suppose g*u = -299 - 115. Let c